{"id":351,"date":"2024-03-03T14:52:44","date_gmt":"2024-03-03T13:52:44","guid":{"rendered":"https:\/\/ny.argaladei.nu\/?page_id=351"},"modified":"2024-03-10T15:01:54","modified_gmt":"2024-03-10T14:01:54","slug":"hantverkstraff-i-stjarnsund","status":"publish","type":"page","link":"https:\/\/ny.argaladei.nu\/?page_id=351","title":{"rendered":"Hantverkstr\u00e4ff i Stj\u00e4rnsund 2024"},"content":{"rendered":"<div class=\"wp-block-image\">\n<figure class=\"alignright size-large is-resized\"><img loading=\"lazy\" decoding=\"async\" width=\"1024\" height=\"576\" src=\"https:\/\/ny.argaladei.nu\/wp-content\/uploads\/2024\/03\/Argaladei-sommarlager-Kornsjon-27-1-1024x576.jpg\" alt=\"\" class=\"wp-image-360\" style=\"width:361px;height:auto\" srcset=\"https:\/\/ny.argaladei.nu\/wp-content\/uploads\/2024\/03\/Argaladei-sommarlager-Kornsjon-27-1-1024x576.jpg 1024w, https:\/\/ny.argaladei.nu\/wp-content\/uploads\/2024\/03\/Argaladei-sommarlager-Kornsjon-27-1-300x169.jpg 300w, https:\/\/ny.argaladei.nu\/wp-content\/uploads\/2024\/03\/Argaladei-sommarlager-Kornsjon-27-1-768x432.jpg 768w, https:\/\/ny.argaladei.nu\/wp-content\/uploads\/2024\/03\/Argaladei-sommarlager-Kornsjon-27-1-1536x864.jpg 1536w, https:\/\/ny.argaladei.nu\/wp-content\/uploads\/2024\/03\/Argaladei-sommarlager-Kornsjon-27-1-2048x1152.jpg 2048w, https:\/\/ny.argaladei.nu\/wp-content\/uploads\/2024\/03\/Argaladei-sommarlager-Kornsjon-27-1-2000x1125.jpg 2000w\" sizes=\"(max-width: 1024px) 100vw, 1024px\" \/><\/figure><\/div>\n\n\n<p>Hantverkstr\u00e4ff f\u00f6r<a href=\"https:\/\/ny.argaladei.nu\/?page_id=39\" target=\"_blank\" rel=\"noreferrer noopener\"> medlemmar<\/a> i argaladei  i Stj\u00e4rnsund 16-17 mars<\/p>\n\n\n\n<p>Det \u00e4r n\u00e5got alldeles s\u00e4rskilt med egenh\u00e4ndigt skapade ting.\u00a0Exempel p\u00e5 projekt f\u00f6r helgen: sy p\u00e5se eller fodral till\u00a0utrustning, t\u00e4lja sked, sm\u00f6rkniv eller grytkrok, tova\u00a0sittunderlag, laga kl\u00e4der, snickra en matl\u00e5da \u2026<\/p>\n\n\n\n<p>Material och verktyg finns till tovat sittunderlag, t\u00e4ljning, bygge av tr\u00e4l\u00e5da. En symaskin finns att l\u00e5na, samt en del tyg, tr\u00e5d, stoppn\u00e5lar, syn\u00e5lar, sax etc. om man vill sy p\u00e5sar eller laga kl\u00e4der.<br>Ta g\u00e4rna med eget tyg, garn etc. Material till matl\u00e5da, packp\u00e5sar etc. finns till sj\u00e4lvkostnadspris.<\/p>\n\n\n\n<p>Hj\u00e4rtligt v\u00e4lkomna!<\/p>\n\n\n\n<p><strong>Plats:<\/strong>\u00a0Stj\u00e4rnsund, Hedemora.<\/p>\n\n\n\n<p><strong>Anm\u00e4lan<\/strong> senast fredag 15 mars till Annelie Hilmerby, tfn 0707980157,\u00a0<a href=\"mailto:annelie.hilmerby@gmail.com\" target=\"_blank\" rel=\"noreferrer noopener\">annelie.hilmerby@gmail.com<\/a><\/p>\n\n\n\n<p><strong>Logim\u00f6jligheter<\/strong>: utesovning i eget\/ l\u00e5nat t\u00e4lt eller tr\u00e4vindskydd. Inomhus p\u00e5 madrass hemma hos familjen Hilmerby (katt finns i huset). Du kan ocks\u00e5 hyra vandrarhemsrum p\u00e5 kursg\u00e5rden Fridhem eller hyra rum hos n\u00e5gon i byn.<\/p>\n\n\n\n<p><strong>Mat:<\/strong> Vi k\u00f6per in r\u00e5varor till vegetarisk mat, s\u00e5 delar vi p\u00e5 kostnaderna. Meddela ev. specialkost.<\/p>\n\n\n\n<p><strong>Resa:<\/strong> Vi kan h\u00e4mta vid t\u00e5get i Hedemora eller Horndal om du h\u00f6r av dig i f\u00f6rv\u00e4g.<\/p>\n\n\n\n<p><strong>Tider:<\/strong> Vi k\u00f6r ig\u00e5ng p\u00e5 l\u00f6rdag f\u00f6rmiddag, runt 10-tiden. Om du vill kan du komma p\u00e5 fredag kv\u00e4ll f\u00f6r att vara p\u00e5 plats n\u00e4r vi k\u00f6r ig\u00e5ng p\u00e5 l\u00f6rdagen. Avslutning n\u00e4r du beh\u00f6ver \u00e5ka hem p\u00e5 s\u00f6ndagen.<\/p>\n\n\n\n<p><\/p>\n\n\n\n<p><\/p>\n","protected":false},"excerpt":{"rendered":"<p>Hantverkstr\u00e4ff f\u00f6r medlemmar i argaladei i Stj\u00e4rnsund 16-17 mars Det \u00e4r n\u00e5got alldeles s\u00e4rskilt med egenh\u00e4ndigt skapade ting.\u00a0Exempel p\u00e5 projekt f\u00f6r helgen: sy p\u00e5se eller fodral till\u00a0utrustning, t\u00e4lja sked, sm\u00f6rkniv eller grytkrok, tova\u00a0sittunderlag, laga kl\u00e4der, snickra en matl\u00e5da \u2026 Material och verktyg finns till tovat sittunderlag, t\u00e4ljning, bygge av tr\u00e4l\u00e5da. En symaskin finns att l\u00e5na, &hellip; <\/p>\n<p class=\"link-more\"><a href=\"https:\/\/ny.argaladei.nu\/?page_id=351\" class=\"more-link\">L\u00e4s mer<span class=\"screen-reader-text\"> \u201dHantverkstr\u00e4ff i Stj\u00e4rnsund 2024\u201d<\/span><\/a><\/p>\n","protected":false},"author":4,"featured_media":0,"parent":0,"menu_order":0,"comment_status":"closed","ping_status":"closed","template":"","meta":{"footnotes":""},"yoast_head":"<!-- This site is optimized with the Yoast SEO plugin v23.3 - https:\/\/yoast.com\/wordpress\/plugins\/seo\/ -->\n<title>Hantverkstr\u00e4ff i Stj\u00e4rnsund 2024 - Argaladei<\/title>\n<meta name=\"robots\" content=\"index, follow, max-snippet:-1, max-image-preview:large, max-video-preview:-1\" \/>\n<link rel=\"canonical\" href=\"https:\/\/ny.argaladei.nu\/?page_id=351\" \/>\n<meta property=\"og:locale\" content=\"sv_SE\" \/>\n<meta property=\"og:type\" content=\"article\" \/>\n<meta property=\"og:title\" content=\"Hantverkstr\u00e4ff i Stj\u00e4rnsund 2024 - Argaladei\" \/>\n<meta property=\"og:description\" content=\"Hantverkstr\u00e4ff f\u00f6r medlemmar i argaladei i Stj\u00e4rnsund 16-17 mars Det \u00e4r n\u00e5got alldeles s\u00e4rskilt med egenh\u00e4ndigt skapade ting.\u00a0Exempel p\u00e5 projekt f\u00f6r helgen: sy p\u00e5se eller fodral till\u00a0utrustning, t\u00e4lja sked, sm\u00f6rkniv eller grytkrok, tova\u00a0sittunderlag, laga kl\u00e4der, snickra en matl\u00e5da \u2026 Material och verktyg finns till tovat sittunderlag, t\u00e4ljning, bygge av tr\u00e4l\u00e5da. En symaskin finns att l\u00e5na, &hellip; L\u00e4s mer \u201dHantverkstr\u00e4ff i Stj\u00e4rnsund 2024\u201d\" \/>\n<meta property=\"og:url\" content=\"https:\/\/ny.argaladei.nu\/?page_id=351\" \/>\n<meta property=\"og:site_name\" content=\"Argaladei\" \/>\n<meta property=\"article:publisher\" content=\"https:\/\/www.facebook.com\/profile.php?id=100064881722220\" \/>\n<meta property=\"article:modified_time\" content=\"2024-03-10T14:01:54+00:00\" \/>\n<meta property=\"og:image\" content=\"https:\/\/ny.argaladei.nu\/wp-content\/uploads\/2024\/03\/Argaladei-sommarlager-Kornsjon-27-1-1024x576.jpg\" \/>\n<meta name=\"twitter:card\" content=\"summary_large_image\" \/>\n<meta name=\"twitter:label1\" content=\"Ber\u00e4knad l\u00e4stid\" \/>\n\t<meta name=\"twitter:data1\" content=\"2 minuter\" \/>\n<script type=\"application\/ld+json\" class=\"yoast-schema-graph\">{\"@context\":\"https:\/\/schema.org\",\"@graph\":[{\"@type\":\"WebPage\",\"@id\":\"https:\/\/ny.argaladei.nu\/?page_id=351\",\"url\":\"https:\/\/ny.argaladei.nu\/?page_id=351\",\"name\":\"Hantverkstr\u00e4ff i Stj\u00e4rnsund 2024 - Argaladei\",\"isPartOf\":{\"@id\":\"https:\/\/ny.argaladei.nu\/#website\"},\"primaryImageOfPage\":{\"@id\":\"https:\/\/ny.argaladei.nu\/?page_id=351#primaryimage\"},\"image\":{\"@id\":\"https:\/\/ny.argaladei.nu\/?page_id=351#primaryimage\"},\"thumbnailUrl\":\"https:\/\/ny.argaladei.nu\/wp-content\/uploads\/2024\/03\/Argaladei-sommarlager-Kornsjon-27-1-1024x576.jpg\",\"datePublished\":\"2024-03-03T13:52:44+00:00\",\"dateModified\":\"2024-03-10T14:01:54+00:00\",\"breadcrumb\":{\"@id\":\"https:\/\/ny.argaladei.nu\/?page_id=351#breadcrumb\"},\"inLanguage\":\"sv-SE\",\"potentialAction\":[{\"@type\":\"ReadAction\",\"target\":[\"https:\/\/ny.argaladei.nu\/?page_id=351\"]}]},{\"@type\":\"ImageObject\",\"inLanguage\":\"sv-SE\",\"@id\":\"https:\/\/ny.argaladei.nu\/?page_id=351#primaryimage\",\"url\":\"https:\/\/ny.argaladei.nu\/wp-content\/uploads\/2024\/03\/Argaladei-sommarlager-Kornsjon-27-1-scaled.jpg\",\"contentUrl\":\"https:\/\/ny.argaladei.nu\/wp-content\/uploads\/2024\/03\/Argaladei-sommarlager-Kornsjon-27-1-scaled.jpg\",\"width\":2560,\"height\":1440},{\"@type\":\"BreadcrumbList\",\"@id\":\"https:\/\/ny.argaladei.nu\/?page_id=351#breadcrumb\",\"itemListElement\":[{\"@type\":\"ListItem\",\"position\":1,\"name\":\"Home\",\"item\":\"https:\/\/ny.argaladei.nu\/\"},{\"@type\":\"ListItem\",\"position\":2,\"name\":\"Hantverkstr\u00e4ff i Stj\u00e4rnsund 2024\"}]},{\"@type\":\"WebSite\",\"@id\":\"https:\/\/ny.argaladei.nu\/#website\",\"url\":\"https:\/\/ny.argaladei.nu\/\",\"name\":\"Argaladei\",\"description\":\"Friluftsliv - en livsstil\",\"publisher\":{\"@id\":\"https:\/\/ny.argaladei.nu\/#organization\"},\"potentialAction\":[{\"@type\":\"SearchAction\",\"target\":{\"@type\":\"EntryPoint\",\"urlTemplate\":\"https:\/\/ny.argaladei.nu\/?s={search_term_string}\"},\"query-input\":\"required name=search_term_string\"}],\"inLanguage\":\"sv-SE\"},{\"@type\":\"Organization\",\"@id\":\"https:\/\/ny.argaladei.nu\/#organization\",\"name\":\"Argaladei\",\"url\":\"https:\/\/ny.argaladei.nu\/\",\"logo\":{\"@type\":\"ImageObject\",\"inLanguage\":\"sv-SE\",\"@id\":\"https:\/\/ny.argaladei.nu\/#\/schema\/logo\/image\/\",\"url\":\"https:\/\/ny.argaladei.nu\/wp-content\/uploads\/2023\/09\/Argaladei_Logo.png\",\"contentUrl\":\"https:\/\/ny.argaladei.nu\/wp-content\/uploads\/2023\/09\/Argaladei_Logo.png\",\"width\":800,\"height\":778,\"caption\":\"Argaladei\"},\"image\":{\"@id\":\"https:\/\/ny.argaladei.nu\/#\/schema\/logo\/image\/\"},\"sameAs\":[\"https:\/\/www.facebook.com\/profile.php?id=100064881722220\"]}]}<\/script>\n<!-- \/ Yoast SEO plugin. -->","yoast_head_json":{"title":"Hantverkstr\u00e4ff i Stj\u00e4rnsund 2024 - Argaladei","robots":{"index":"index","follow":"follow","max-snippet":"max-snippet:-1","max-image-preview":"max-image-preview:large","max-video-preview":"max-video-preview:-1"},"canonical":"https:\/\/ny.argaladei.nu\/?page_id=351","og_locale":"sv_SE","og_type":"article","og_title":"Hantverkstr\u00e4ff i Stj\u00e4rnsund 2024 - Argaladei","og_description":"Hantverkstr\u00e4ff f\u00f6r medlemmar i argaladei i Stj\u00e4rnsund 16-17 mars Det \u00e4r n\u00e5got alldeles s\u00e4rskilt med egenh\u00e4ndigt skapade ting.\u00a0Exempel p\u00e5 projekt f\u00f6r helgen: sy p\u00e5se eller fodral till\u00a0utrustning, t\u00e4lja sked, sm\u00f6rkniv eller grytkrok, tova\u00a0sittunderlag, laga kl\u00e4der, snickra en matl\u00e5da \u2026 Material och verktyg finns till tovat sittunderlag, t\u00e4ljning, bygge av tr\u00e4l\u00e5da. En symaskin finns att l\u00e5na, &hellip; L\u00e4s mer \u201dHantverkstr\u00e4ff i Stj\u00e4rnsund 2024\u201d","og_url":"https:\/\/ny.argaladei.nu\/?page_id=351","og_site_name":"Argaladei","article_publisher":"https:\/\/www.facebook.com\/profile.php?id=100064881722220","article_modified_time":"2024-03-10T14:01:54+00:00","og_image":[{"url":"https:\/\/ny.argaladei.nu\/wp-content\/uploads\/2024\/03\/Argaladei-sommarlager-Kornsjon-27-1-1024x576.jpg"}],"twitter_card":"summary_large_image","twitter_misc":{"Ber\u00e4knad l\u00e4stid":"2 minuter"},"schema":{"@context":"https:\/\/schema.org","@graph":[{"@type":"WebPage","@id":"https:\/\/ny.argaladei.nu\/?page_id=351","url":"https:\/\/ny.argaladei.nu\/?page_id=351","name":"Hantverkstr\u00e4ff i Stj\u00e4rnsund 2024 - Argaladei","isPartOf":{"@id":"https:\/\/ny.argaladei.nu\/#website"},"primaryImageOfPage":{"@id":"https:\/\/ny.argaladei.nu\/?page_id=351#primaryimage"},"image":{"@id":"https:\/\/ny.argaladei.nu\/?page_id=351#primaryimage"},"thumbnailUrl":"https:\/\/ny.argaladei.nu\/wp-content\/uploads\/2024\/03\/Argaladei-sommarlager-Kornsjon-27-1-1024x576.jpg","datePublished":"2024-03-03T13:52:44+00:00","dateModified":"2024-03-10T14:01:54+00:00","breadcrumb":{"@id":"https:\/\/ny.argaladei.nu\/?page_id=351#breadcrumb"},"inLanguage":"sv-SE","potentialAction":[{"@type":"ReadAction","target":["https:\/\/ny.argaladei.nu\/?page_id=351"]}]},{"@type":"ImageObject","inLanguage":"sv-SE","@id":"https:\/\/ny.argaladei.nu\/?page_id=351#primaryimage","url":"https:\/\/ny.argaladei.nu\/wp-content\/uploads\/2024\/03\/Argaladei-sommarlager-Kornsjon-27-1-scaled.jpg","contentUrl":"https:\/\/ny.argaladei.nu\/wp-content\/uploads\/2024\/03\/Argaladei-sommarlager-Kornsjon-27-1-scaled.jpg","width":2560,"height":1440},{"@type":"BreadcrumbList","@id":"https:\/\/ny.argaladei.nu\/?page_id=351#breadcrumb","itemListElement":[{"@type":"ListItem","position":1,"name":"Home","item":"https:\/\/ny.argaladei.nu\/"},{"@type":"ListItem","position":2,"name":"Hantverkstr\u00e4ff i Stj\u00e4rnsund 2024"}]},{"@type":"WebSite","@id":"https:\/\/ny.argaladei.nu\/#website","url":"https:\/\/ny.argaladei.nu\/","name":"Argaladei","description":"Friluftsliv - en livsstil","publisher":{"@id":"https:\/\/ny.argaladei.nu\/#organization"},"potentialAction":[{"@type":"SearchAction","target":{"@type":"EntryPoint","urlTemplate":"https:\/\/ny.argaladei.nu\/?s={search_term_string}"},"query-input":"required name=search_term_string"}],"inLanguage":"sv-SE"},{"@type":"Organization","@id":"https:\/\/ny.argaladei.nu\/#organization","name":"Argaladei","url":"https:\/\/ny.argaladei.nu\/","logo":{"@type":"ImageObject","inLanguage":"sv-SE","@id":"https:\/\/ny.argaladei.nu\/#\/schema\/logo\/image\/","url":"https:\/\/ny.argaladei.nu\/wp-content\/uploads\/2023\/09\/Argaladei_Logo.png","contentUrl":"https:\/\/ny.argaladei.nu\/wp-content\/uploads\/2023\/09\/Argaladei_Logo.png","width":800,"height":778,"caption":"Argaladei"},"image":{"@id":"https:\/\/ny.argaladei.nu\/#\/schema\/logo\/image\/"},"sameAs":["https:\/\/www.facebook.com\/profile.php?id=100064881722220"]}]}},"_links":{"self":[{"href":"https:\/\/ny.argaladei.nu\/index.php?rest_route=\/wp\/v2\/pages\/351"}],"collection":[{"href":"https:\/\/ny.argaladei.nu\/index.php?rest_route=\/wp\/v2\/pages"}],"about":[{"href":"https:\/\/ny.argaladei.nu\/index.php?rest_route=\/wp\/v2\/types\/page"}],"author":[{"embeddable":true,"href":"https:\/\/ny.argaladei.nu\/index.php?rest_route=\/wp\/v2\/users\/4"}],"replies":[{"embeddable":true,"href":"https:\/\/ny.argaladei.nu\/index.php?rest_route=%2Fwp%2Fv2%2Fcomments&post=351"}],"version-history":[{"count":5,"href":"https:\/\/ny.argaladei.nu\/index.php?rest_route=\/wp\/v2\/pages\/351\/revisions"}],"predecessor-version":[{"id":402,"href":"https:\/\/ny.argaladei.nu\/index.php?rest_route=\/wp\/v2\/pages\/351\/revisions\/402"}],"wp:attachment":[{"href":"https:\/\/ny.argaladei.nu\/index.php?rest_route=%2Fwp%2Fv2%2Fmedia&parent=351"}],"curies":[{"name":"wp","href":"https:\/\/api.w.org\/{rel}","templated":true}]}}